{"id":2633,"date":"2025-05-21T15:08:21","date_gmt":"2025-05-21T12:08:21","guid":{"rendered":"https:\/\/www.loviisaminkkinen.com\/?page_id=2633"},"modified":"2026-02-27T12:46:58","modified_gmt":"2026-02-27T10:46:58","slug":"usein-kysyttya","status":"publish","type":"page","link":"https:\/\/www.loviisaminkkinen.com\/index.php\/usein-kysyttya\/","title":{"rendered":"Usein kysytty\u00e4"},"content":{"rendered":"\n<p style=\"font-style:normal;font-weight:300;letter-spacing:2px\">Kutkuttaako p\u00e4\u00e4st\u00e4 kokeilemaan keramiikkaa, mutta rohkeus uupuu? Vai mietitytt\u00e4\u00e4k\u00f6 miten keramiikkakurssille valmistaudutaan? Vastaan t\u00e4ss\u00e4 useimmin kysyttyihin kysymyksiin, jos se vaikka madaltaisi kynnyst\u00e4si tulla kokeilemaan!<\/p>\n\n\n<div class=\"wp-block-image is-style-rounded\">\n<figure class=\"aligncenter size-large is-resized\"><img loading=\"lazy\" decoding=\"async\" width=\"700\" height=\"743\" src=\"https:\/\/www.loviisaminkkinen.com\/wp-content\/uploads\/2025\/03\/savipaja-1-10-e1747828424868-700x743.webp\" alt=\"Keramiikkakurssi, saven ty\u00f6st\u00e4mist\u00e4\" class=\"wp-image-2120\" style=\"width:411px;height:auto\" srcset=\"https:\/\/www.loviisaminkkinen.com\/wp-content\/uploads\/2025\/03\/savipaja-1-10-e1747828424868-700x743.webp 700w, https:\/\/www.loviisaminkkinen.com\/wp-content\/uploads\/2025\/03\/savipaja-1-10-e1747828424868-416x441.webp 416w, https:\/\/www.loviisaminkkinen.com\/wp-content\/uploads\/2025\/03\/savipaja-1-10-e1747828424868-283x300.webp 283w, https:\/\/www.loviisaminkkinen.com\/wp-content\/uploads\/2025\/03\/savipaja-1-10-e1747828424868-768x815.webp 768w, https:\/\/www.loviisaminkkinen.com\/wp-content\/uploads\/2025\/03\/savipaja-1-10-e1747828424868-1448x1536.webp 1448w, https:\/\/www.loviisaminkkinen.com\/wp-content\/uploads\/2025\/03\/savipaja-1-10-e1747828424868.jpeg 1574w\" sizes=\"auto, (max-width: 700px) 100vw, 700px\" \/><\/figure>\n<\/div>\n\n\n<h2 class=\"wp-block-heading has-text-align-center\">Miten valmistautua kurssille?<\/h2>\n\n\n\n<p class=\"has-text-align-center\" style=\"font-style:normal;font-weight:300;letter-spacing:2px\">Kaikilla kursseillani p\u00e4tee sanonta: idea riitt\u00e4\u00e4 &#8211; t\u00e4\u00e4lt\u00e4 saat loput. <br>Tarkoitukseni on siis tarjota materiaalit, tuki, apumuotit, ohjaus ja kaikki se, mit\u00e4 tarvitset saadaksesi savikl\u00f6ntist\u00e4 toivomasi lopputuloksen ja valmista keramiikkaa.<br><br>Esittelen aina <a href=\"https:\/\/www.loviisaminkkinen.com\/index.php\/kurssikauppa\/\">kurssien<\/a> aluksi k\u00e4yt\u00f6ss\u00e4 olevat savet, savimaalit ja v\u00e4lineet. Esittelen aina my\u00f6s tarvittaessa muutaman perustekniikan (nipistelytekniikan, levytekniikan ja makkaratekniikan). T\u00e4m\u00e4n j\u00e4lkeen kukin saa toteuttaa ideaansa ja pyrin auttamaan kaikissa k\u00e4\u00e4nteiss\u00e4. Etsit\u00e4\u00e4n siis yhdess\u00e4 sopivat apumuotit ja tekniikat ja h\u00f6rpit\u00e4\u00e4n samalla iltap\u00e4iv\u00e4kahvit!<\/p>\n\n\n<div class=\"wp-block-image is-style-rounded\">\n<figure class=\"aligncenter size-large is-resized\"><img data-dominant-color=\"dee3e1\" data-has-transparency=\"false\" loading=\"lazy\" decoding=\"async\" width=\"700\" height=\"728\" src=\"https:\/\/www.loviisaminkkinen.com\/wp-content\/uploads\/2025\/05\/IMG_1674-e1747828522873-700x728.webp\" alt=\"\" class=\"wp-image-2639 not-transparent\" style=\"--dominant-color: #dee3e1; width:388px;height:auto\" srcset=\"https:\/\/www.loviisaminkkinen.com\/wp-content\/uploads\/2025\/05\/IMG_1674-e1747828522873-700x728.webp 700w, https:\/\/www.loviisaminkkinen.com\/wp-content\/uploads\/2025\/05\/IMG_1674-e1747828522873-416x433.webp 416w, https:\/\/www.loviisaminkkinen.com\/wp-content\/uploads\/2025\/05\/IMG_1674-e1747828522873-288x300.webp 288w, https:\/\/www.loviisaminkkinen.com\/wp-content\/uploads\/2025\/05\/IMG_1674-e1747828522873-768x799.webp 768w, https:\/\/www.loviisaminkkinen.com\/wp-content\/uploads\/2025\/05\/IMG_1674-e1747828522873.webp 1173w\" sizes=\"auto, (max-width: 700px) 100vw, 700px\" \/><\/figure>\n<\/div>\n\n\n<h2 class=\"wp-block-heading has-text-align-center\">Pajalle saapuminen:<\/h2>\n\n\n\n<p class=\"has-text-align-center\" style=\"font-style:normal;font-weight:300;letter-spacing:2px\">Saavut Unskinkatu 2 &#8211; omakotitalon pihapiiriin.Loviisan luova tila sijaitsee oikealle j\u00e4\u00e4v\u00e4ss\u00e4 autotallirakennuksessa. <br><\/p>\n\n\n\n<p class=\"has-text-align-center\" style=\"font-style:normal;font-weight:300;letter-spacing:2px\">Parkkeerauksessa suosittelen kiert\u00e4m\u00e4\u00e4n pihamme \u201dliikenneympyr\u00e4\u00e4\u201d vastap\u00e4iv\u00e4\u00e4n. N\u00e4in t\u00e4yt\u00e4mme pihan soljuvasti!<br><br>Pajallani on vesipiste ja p\u00e4\u00e4sy tilaan on esteet\u00f6n, mutta wc-tilat sijaitsevat p\u00e4\u00e4rakennuksessa ja niihin on muutaman portaan nousu.<\/p>\n\n\n<div class=\"wp-block-image is-style-rounded\">\n<figure class=\"aligncenter size-large is-resized\"><img loading=\"lazy\" decoding=\"async\" width=\"700\" height=\"726\" src=\"https:\/\/www.loviisaminkkinen.com\/wp-content\/uploads\/2025\/03\/savipaja-1-3-e1747828624188-700x726.webp\" alt=\"Saven ty\u00f6st\u00e4mist\u00e4 keramiikkakurssilla painaen kuvioita saviesineeseen\" class=\"wp-image-2113\" style=\"width:415px;height:auto\" srcset=\"https:\/\/www.loviisaminkkinen.com\/wp-content\/uploads\/2025\/03\/savipaja-1-3-e1747828624188-700x726.webp 700w, https:\/\/www.loviisaminkkinen.com\/wp-content\/uploads\/2025\/03\/savipaja-1-3-e1747828624188-416x432.webp 416w, https:\/\/www.loviisaminkkinen.com\/wp-content\/uploads\/2025\/03\/savipaja-1-3-e1747828624188-289x300.webp 289w, https:\/\/www.loviisaminkkinen.com\/wp-content\/uploads\/2025\/03\/savipaja-1-3-e1747828624188-768x797.webp 768w, https:\/\/www.loviisaminkkinen.com\/wp-content\/uploads\/2025\/03\/savipaja-1-3-e1747828624188-1480x1536.webp 1480w, https:\/\/www.loviisaminkkinen.com\/wp-content\/uploads\/2025\/03\/savipaja-1-3-e1747828624188.jpeg 1638w\" sizes=\"auto, (max-width: 700px) 100vw, 700px\" \/><\/figure>\n<\/div>\n\n\n<h2 class=\"wp-block-heading has-text-align-center\">Mit\u00e4 kurssilla kerke\u00e4\u00e4 toteuttaa?<\/h2>\n\n\n\n<p class=\"has-text-align-center\" style=\"font-style:normal;font-weight:300;letter-spacing:2px\">En rajoita savim\u00e4\u00e4r\u00e4\u00e4 kursseillani, joten kerke\u00e4t toteuttaa kurssilla yhdest\u00e4 viiteen erilaista ideaa riippuen sen vaikeustasosta ja koosta. Pieni\u00e4 korulautasia syntyy helposti setti, kun taas vaativampi tarjoiluastia voi ottaa aikaa ja esimerkiksi kahvi\/teekuppi vaatii monta erilaista ty\u00f6vaihetta ja niit\u00e4 syntyy kolmen tunnin kurssilla ehk\u00e4 kaksi.<\/p>\n\n\n\n<p class=\"has-text-align-center\" style=\"font-style:normal;font-weight:300;letter-spacing:2px\">Esittele minulle ideasi kurssin alussa, niin autan sinua valitsemaan parhaat muotit ja tekniikat toteutusta varten. Idea siis todellakin riitt\u00e4\u00e4!<\/p>\n\n\n<div class=\"wp-block-image is-style-rounded\">\n<figure class=\"aligncenter size-large is-resized\"><img loading=\"lazy\" decoding=\"async\" width=\"700\" height=\"696\" src=\"https:\/\/www.loviisaminkkinen.com\/wp-content\/uploads\/2025\/03\/savipaja-1-28-e1747828980224-700x696.webp\" alt=\"Valmista keramiikkaa avoimesta pajasta aseteltuna puisille hyllyille. Lasitteet hyllyjen alla\" class=\"wp-image-2138\" style=\"width:407px;height:auto\" srcset=\"https:\/\/www.loviisaminkkinen.com\/wp-content\/uploads\/2025\/03\/savipaja-1-28-e1747828980224-700x696.webp 700w, https:\/\/www.loviisaminkkinen.com\/wp-content\/uploads\/2025\/03\/savipaja-1-28-e1747828980224-100x100.webp 100w, https:\/\/www.loviisaminkkinen.com\/wp-content\/uploads\/2025\/03\/savipaja-1-28-e1747828980224-416x413.webp 416w, https:\/\/www.loviisaminkkinen.com\/wp-content\/uploads\/2025\/03\/savipaja-1-28-e1747828980224-300x298.webp 300w, https:\/\/www.loviisaminkkinen.com\/wp-content\/uploads\/2025\/03\/savipaja-1-28-e1747828980224-150x150.webp 150w, https:\/\/www.loviisaminkkinen.com\/wp-content\/uploads\/2025\/03\/savipaja-1-28-e1747828980224-768x763.webp 768w, https:\/\/www.loviisaminkkinen.com\/wp-content\/uploads\/2025\/03\/savipaja-1-28-e1747828980224-1536x1527.webp 1536w, https:\/\/www.loviisaminkkinen.com\/wp-content\/uploads\/2025\/03\/savipaja-1-28-e1747828980224.jpeg 1638w\" sizes=\"auto, (max-width: 700px) 100vw, 700px\" \/><\/figure>\n<\/div>\n\n\n<h2 class=\"wp-block-heading has-text-align-center\">Milloin ty\u00f6t saa noutaa?<\/h2>\n\n\n\n<p class=\"has-text-align-center\" style=\"font-style:normal;font-weight:300;letter-spacing:2px\">Kurssin j\u00e4lkeen ty\u00f6si kuivuu pajallani viikon (jotkut ty\u00f6t jopa kaksi viikkoa), mink\u00e4 j\u00e4lkeen ne p\u00e4\u00e4sev\u00e4t raakapolttoon. Raakapoltto kest\u00e4\u00e4 noin 9 tuntia, mink\u00e4 j\u00e4lkeen uuni j\u00e4\u00e4htyy vuorokauden ennen purkua. Raakapolton j\u00e4lkeen lasitan ty\u00f6si kirkkaalla lasitteella ja ne odottavat lasituspolttovuoroaan. Lasituspoltto kest\u00e4\u00e4 noin 7 tuntia ja j\u00e4\u00e4htyy kaksi vuorokautta ennen purkua. Polttovuorot etenev\u00e4t kurssij\u00e4rjestyksess\u00e4 ja uunini tekee t\u00f6it\u00e4 y\u00f6t\u00e4 p\u00e4iv\u00e4\u00e4.<br><br>Prosessi on siis pitk\u00e4 ja savim\u00f6ykkysi on valmista keramiikkaa noin 3-5 viikon kuluttua kurssista. Valmiista t\u00f6ist\u00e4 ja niiden noutoaikatauluista ilmoitan s\u00e4\u00e4nn\u00f6llisesti somekanavillani!<\/p>\n\n\n\n<h2 class=\"wp-block-heading has-text-align-center\">Kauanko t\u00e4m\u00e4 paja on ollut pystyss\u00e4?<\/h2>\n\n\n\n<div class=\"wp-block-buttons alignfull is-content-justification-center is-layout-flex wp-container-core-buttons-is-layout-a89b3969 wp-block-buttons-is-layout-flex\">\n<div class=\"wp-block-button\"><a class=\"wp-block-button__link wp-element-button\" href=\"https:\/\/www.loviisaminkkinen.com\/index.php\/tarina-loviisan-luovan-tilan-takaa\/\">Tutustu pajani tarinaan t\u00e4\u00e4lt\u00e4.<\/a><\/div>\n<\/div>\n\n\n\n<p style=\"font-style:normal;font-weight:200\"><\/p>\n\n\n\n<p><\/p>\n","protected":false},"excerpt":{"rendered":"<p>Kutkuttaako p\u00e4\u00e4st\u00e4 kokeilemaan keramiikkaa, mutta rohkeus uupuu? Vai mietitytt\u00e4\u00e4k\u00f6 miten keramiikkakurssille valmistaudutaan? Vastaan t\u00e4ss\u00e4 useimmin kysyttyihin kysymyksiin, jos se vaikka madaltaisi kynnyst\u00e4si tulla kokeilemaan! Miten valmistautua kurssille? Kaikilla kursseillani p\u00e4tee sanonta: idea riitt\u00e4\u00e4 &#8211; t\u00e4\u00e4lt\u00e4 saat loput. Tarkoitukseni on siis tarjota materiaalit, tuki, apumuotit, ohjaus ja kaikki se, mit\u00e4 tarvitset saadaksesi savikl\u00f6ntist\u00e4 toivomasi lopputuloksen ja [&hellip;]<\/p>\n","protected":false},"author":1,"featured_media":0,"parent":0,"menu_order":0,"comment_status":"closed","ping_status":"closed","template":"","meta":{"footnotes":""},"class_list":["post-2633","page","type-page","status-publish","hentry"],"yoast_head":"<!-- This site is optimized with the Yoast SEO plugin v27.4 - https:\/\/yoast.com\/product\/yoast-seo-wordpress\/ -->\n<title>Usein kysytty\u00e4 - Loviisan luova tila<\/title>\n<meta name=\"description\" content=\"Miten keramiikkakurssille valmistaudutaan? Miten saavun? Mit\u00e4 kurssilla kerke\u00e4\u00e4 toteuttaa? Ent\u00e4 milloin ty\u00f6t ovat valmiit ja noudettavissa?\" \/>\n<meta name=\"robots\" content=\"index, follow, max-snippet:-1, max-image-preview:large, max-video-preview:-1\" \/>\n<link rel=\"canonical\" href=\"https:\/\/www.loviisaminkkinen.com\/index.php\/usein-kysyttya\/\" \/>\n<meta property=\"og:locale\" content=\"fi_FI\" \/>\n<meta property=\"og:type\" content=\"article\" \/>\n<meta property=\"og:title\" content=\"Usein kysytty\u00e4 - Loviisan luova tila\" \/>\n<meta property=\"og:description\" content=\"Miten keramiikkakurssille valmistaudutaan? Miten saavun? Mit\u00e4 kurssilla kerke\u00e4\u00e4 toteuttaa? Ent\u00e4 milloin ty\u00f6t ovat valmiit ja noudettavissa?\" \/>\n<meta property=\"og:url\" content=\"https:\/\/www.loviisaminkkinen.com\/index.php\/usein-kysyttya\/\" \/>\n<meta property=\"og:site_name\" content=\"Loviisan luova tila\" \/>\n<meta property=\"article:publisher\" content=\"https:\/\/www.facebook.com\/Loviisan-luova-tila-61564677072092\/?hr=1\" \/>\n<meta property=\"article:modified_time\" content=\"2026-02-27T10:46:58+00:00\" \/>\n<meta property=\"og:image\" content=\"https:\/\/www.loviisaminkkinen.com\/wp-content\/uploads\/2025\/03\/savipaja-1-10-e1747828424868.jpeg\" \/>\n\t<meta property=\"og:image:width\" content=\"1574\" \/>\n\t<meta property=\"og:image:height\" content=\"1670\" \/>\n\t<meta property=\"og:image:type\" content=\"image\/jpeg\" \/>\n<meta name=\"twitter:card\" content=\"summary_large_image\" \/>\n<meta name=\"twitter:label1\" content=\"Arvioitu lukuaika\" \/>\n\t<meta name=\"twitter:data1\" content=\"3 minuuttia\" \/>\n<script type=\"application\/ld+json\" class=\"yoast-schema-graph\">{\"@context\":\"https:\\\/\\\/schema.org\",\"@graph\":[{\"@type\":\"WebPage\",\"@id\":\"https:\\\/\\\/www.loviisaminkkinen.com\\\/index.php\\\/usein-kysyttya\\\/\",\"url\":\"https:\\\/\\\/www.loviisaminkkinen.com\\\/index.php\\\/usein-kysyttya\\\/\",\"name\":\"Usein kysytty\u00e4 - Loviisan luova tila\",\"isPartOf\":{\"@id\":\"https:\\\/\\\/www.loviisaminkkinen.com\\\/#website\"},\"primaryImageOfPage\":{\"@id\":\"https:\\\/\\\/www.loviisaminkkinen.com\\\/index.php\\\/usein-kysyttya\\\/#primaryimage\"},\"image\":{\"@id\":\"https:\\\/\\\/www.loviisaminkkinen.com\\\/index.php\\\/usein-kysyttya\\\/#primaryimage\"},\"thumbnailUrl\":\"https:\\\/\\\/www.loviisaminkkinen.com\\\/wp-content\\\/uploads\\\/2025\\\/03\\\/savipaja-1-10-e1747828424868-700x743.webp\",\"datePublished\":\"2025-05-21T12:08:21+00:00\",\"dateModified\":\"2026-02-27T10:46:58+00:00\",\"description\":\"Miten keramiikkakurssille valmistaudutaan? Miten saavun? Mit\u00e4 kurssilla kerke\u00e4\u00e4 toteuttaa? Ent\u00e4 milloin ty\u00f6t ovat valmiit ja noudettavissa?\",\"breadcrumb\":{\"@id\":\"https:\\\/\\\/www.loviisaminkkinen.com\\\/index.php\\\/usein-kysyttya\\\/#breadcrumb\"},\"inLanguage\":\"fi\",\"potentialAction\":[{\"@type\":\"ReadAction\",\"target\":[\"https:\\\/\\\/www.loviisaminkkinen.com\\\/index.php\\\/usein-kysyttya\\\/\"]}]},{\"@type\":\"ImageObject\",\"inLanguage\":\"fi\",\"@id\":\"https:\\\/\\\/www.loviisaminkkinen.com\\\/index.php\\\/usein-kysyttya\\\/#primaryimage\",\"url\":\"https:\\\/\\\/www.loviisaminkkinen.com\\\/wp-content\\\/uploads\\\/2025\\\/03\\\/savipaja-1-10-e1747828424868.jpeg\",\"contentUrl\":\"https:\\\/\\\/www.loviisaminkkinen.com\\\/wp-content\\\/uploads\\\/2025\\\/03\\\/savipaja-1-10-e1747828424868.jpeg\",\"width\":1574,\"height\":1670,\"caption\":\"Pitsikuviot savelle\"},{\"@type\":\"BreadcrumbList\",\"@id\":\"https:\\\/\\\/www.loviisaminkkinen.com\\\/index.php\\\/usein-kysyttya\\\/#breadcrumb\",\"itemListElement\":[{\"@type\":\"ListItem\",\"position\":1,\"name\":\"Etusivu\",\"item\":\"https:\\\/\\\/www.loviisaminkkinen.com\\\/\"},{\"@type\":\"ListItem\",\"position\":2,\"name\":\"Usein kysytty\u00e4\"}]},{\"@type\":\"WebSite\",\"@id\":\"https:\\\/\\\/www.loviisaminkkinen.com\\\/#website\",\"url\":\"https:\\\/\\\/www.loviisaminkkinen.com\\\/\",\"name\":\"Loviisan luova tila\",\"description\":\"Keramiikka Jyv&auml;skyl&auml;\",\"publisher\":{\"@id\":\"https:\\\/\\\/www.loviisaminkkinen.com\\\/#organization\"},\"potentialAction\":[{\"@type\":\"SearchAction\",\"target\":{\"@type\":\"EntryPoint\",\"urlTemplate\":\"https:\\\/\\\/www.loviisaminkkinen.com\\\/?s={search_term_string}\"},\"query-input\":{\"@type\":\"PropertyValueSpecification\",\"valueRequired\":true,\"valueName\":\"search_term_string\"}}],\"inLanguage\":\"fi\"},{\"@type\":\"Organization\",\"@id\":\"https:\\\/\\\/www.loviisaminkkinen.com\\\/#organization\",\"name\":\"Loviisan luova tila\",\"url\":\"https:\\\/\\\/www.loviisaminkkinen.com\\\/\",\"logo\":{\"@type\":\"ImageObject\",\"inLanguage\":\"fi\",\"@id\":\"https:\\\/\\\/www.loviisaminkkinen.com\\\/#\\\/schema\\\/logo\\\/image\\\/\",\"url\":\"https:\\\/\\\/www.loviisaminkkinen.com\\\/wp-content\\\/uploads\\\/2025\\\/03\\\/cropped-IMG_1747.png\",\"contentUrl\":\"https:\\\/\\\/www.loviisaminkkinen.com\\\/wp-content\\\/uploads\\\/2025\\\/03\\\/cropped-IMG_1747.png\",\"width\":2999,\"height\":2765,\"caption\":\"Loviisan luova tila\"},\"image\":{\"@id\":\"https:\\\/\\\/www.loviisaminkkinen.com\\\/#\\\/schema\\\/logo\\\/image\\\/\"},\"sameAs\":[\"https:\\\/\\\/www.facebook.com\\\/Loviisan-luova-tila-61564677072092\\\/?hr=1\",\"https:\\\/\\\/www.instagram.com\\\/loviisaminkkinen\"]}]}<\/script>\n<!-- \/ Yoast SEO plugin. -->","yoast_head_json":{"title":"Usein kysytty\u00e4 - Loviisan luova tila","description":"Miten keramiikkakurssille valmistaudutaan? Miten saavun? Mit\u00e4 kurssilla kerke\u00e4\u00e4 toteuttaa? Ent\u00e4 milloin ty\u00f6t ovat valmiit ja noudettavissa?","robots":{"index":"index","follow":"follow","max-snippet":"max-snippet:-1","max-image-preview":"max-image-preview:large","max-video-preview":"max-video-preview:-1"},"canonical":"https:\/\/www.loviisaminkkinen.com\/index.php\/usein-kysyttya\/","og_locale":"fi_FI","og_type":"article","og_title":"Usein kysytty\u00e4 - Loviisan luova tila","og_description":"Miten keramiikkakurssille valmistaudutaan? Miten saavun? Mit\u00e4 kurssilla kerke\u00e4\u00e4 toteuttaa? Ent\u00e4 milloin ty\u00f6t ovat valmiit ja noudettavissa?","og_url":"https:\/\/www.loviisaminkkinen.com\/index.php\/usein-kysyttya\/","og_site_name":"Loviisan luova tila","article_publisher":"https:\/\/www.facebook.com\/Loviisan-luova-tila-61564677072092\/?hr=1","article_modified_time":"2026-02-27T10:46:58+00:00","og_image":[{"width":1574,"height":1670,"url":"https:\/\/www.loviisaminkkinen.com\/wp-content\/uploads\/2025\/03\/savipaja-1-10-e1747828424868.jpeg","type":"image\/jpeg"}],"twitter_card":"summary_large_image","twitter_misc":{"Arvioitu lukuaika":"3 minuuttia"},"schema":{"@context":"https:\/\/schema.org","@graph":[{"@type":"WebPage","@id":"https:\/\/www.loviisaminkkinen.com\/index.php\/usein-kysyttya\/","url":"https:\/\/www.loviisaminkkinen.com\/index.php\/usein-kysyttya\/","name":"Usein kysytty\u00e4 - Loviisan luova tila","isPartOf":{"@id":"https:\/\/www.loviisaminkkinen.com\/#website"},"primaryImageOfPage":{"@id":"https:\/\/www.loviisaminkkinen.com\/index.php\/usein-kysyttya\/#primaryimage"},"image":{"@id":"https:\/\/www.loviisaminkkinen.com\/index.php\/usein-kysyttya\/#primaryimage"},"thumbnailUrl":"https:\/\/www.loviisaminkkinen.com\/wp-content\/uploads\/2025\/03\/savipaja-1-10-e1747828424868-700x743.webp","datePublished":"2025-05-21T12:08:21+00:00","dateModified":"2026-02-27T10:46:58+00:00","description":"Miten keramiikkakurssille valmistaudutaan? Miten saavun? Mit\u00e4 kurssilla kerke\u00e4\u00e4 toteuttaa? Ent\u00e4 milloin ty\u00f6t ovat valmiit ja noudettavissa?","breadcrumb":{"@id":"https:\/\/www.loviisaminkkinen.com\/index.php\/usein-kysyttya\/#breadcrumb"},"inLanguage":"fi","potentialAction":[{"@type":"ReadAction","target":["https:\/\/www.loviisaminkkinen.com\/index.php\/usein-kysyttya\/"]}]},{"@type":"ImageObject","inLanguage":"fi","@id":"https:\/\/www.loviisaminkkinen.com\/index.php\/usein-kysyttya\/#primaryimage","url":"https:\/\/www.loviisaminkkinen.com\/wp-content\/uploads\/2025\/03\/savipaja-1-10-e1747828424868.jpeg","contentUrl":"https:\/\/www.loviisaminkkinen.com\/wp-content\/uploads\/2025\/03\/savipaja-1-10-e1747828424868.jpeg","width":1574,"height":1670,"caption":"Pitsikuviot savelle"},{"@type":"BreadcrumbList","@id":"https:\/\/www.loviisaminkkinen.com\/index.php\/usein-kysyttya\/#breadcrumb","itemListElement":[{"@type":"ListItem","position":1,"name":"Etusivu","item":"https:\/\/www.loviisaminkkinen.com\/"},{"@type":"ListItem","position":2,"name":"Usein kysytty\u00e4"}]},{"@type":"WebSite","@id":"https:\/\/www.loviisaminkkinen.com\/#website","url":"https:\/\/www.loviisaminkkinen.com\/","name":"Loviisan luova tila","description":"Keramiikka Jyv&auml;skyl&auml;","publisher":{"@id":"https:\/\/www.loviisaminkkinen.com\/#organization"},"potentialAction":[{"@type":"SearchAction","target":{"@type":"EntryPoint","urlTemplate":"https:\/\/www.loviisaminkkinen.com\/?s={search_term_string}"},"query-input":{"@type":"PropertyValueSpecification","valueRequired":true,"valueName":"search_term_string"}}],"inLanguage":"fi"},{"@type":"Organization","@id":"https:\/\/www.loviisaminkkinen.com\/#organization","name":"Loviisan luova tila","url":"https:\/\/www.loviisaminkkinen.com\/","logo":{"@type":"ImageObject","inLanguage":"fi","@id":"https:\/\/www.loviisaminkkinen.com\/#\/schema\/logo\/image\/","url":"https:\/\/www.loviisaminkkinen.com\/wp-content\/uploads\/2025\/03\/cropped-IMG_1747.png","contentUrl":"https:\/\/www.loviisaminkkinen.com\/wp-content\/uploads\/2025\/03\/cropped-IMG_1747.png","width":2999,"height":2765,"caption":"Loviisan luova tila"},"image":{"@id":"https:\/\/www.loviisaminkkinen.com\/#\/schema\/logo\/image\/"},"sameAs":["https:\/\/www.facebook.com\/Loviisan-luova-tila-61564677072092\/?hr=1","https:\/\/www.instagram.com\/loviisaminkkinen"]}]}},"_links":{"self":[{"href":"https:\/\/www.loviisaminkkinen.com\/index.php\/wp-json\/wp\/v2\/pages\/2633","targetHints":{"allow":["GET"]}}],"collection":[{"href":"https:\/\/www.loviisaminkkinen.com\/index.php\/wp-json\/wp\/v2\/pages"}],"about":[{"href":"https:\/\/www.loviisaminkkinen.com\/index.php\/wp-json\/wp\/v2\/types\/page"}],"author":[{"embeddable":true,"href":"https:\/\/www.loviisaminkkinen.com\/index.php\/wp-json\/wp\/v2\/users\/1"}],"replies":[{"embeddable":true,"href":"https:\/\/www.loviisaminkkinen.com\/index.php\/wp-json\/wp\/v2\/comments?post=2633"}],"version-history":[{"count":13,"href":"https:\/\/www.loviisaminkkinen.com\/index.php\/wp-json\/wp\/v2\/pages\/2633\/revisions"}],"predecessor-version":[{"id":4003,"href":"https:\/\/www.loviisaminkkinen.com\/index.php\/wp-json\/wp\/v2\/pages\/2633\/revisions\/4003"}],"wp:attachment":[{"href":"https:\/\/www.loviisaminkkinen.com\/index.php\/wp-json\/wp\/v2\/media?parent=2633"}],"curies":[{"name":"wp","href":"https:\/\/api.w.org\/{rel}","templated":true}]}}