{"id":2846,"date":"2025-06-09T15:11:34","date_gmt":"2025-06-09T12:11:34","guid":{"rendered":"https:\/\/www.loviisaminkkinen.com\/?page_id=2846"},"modified":"2025-06-09T15:23:40","modified_gmt":"2025-06-09T12:23:40","slug":"loviisan-linnut","status":"publish","type":"page","link":"https:\/\/www.loviisaminkkinen.com\/index.php\/loviisan-linnut\/","title":{"rendered":"Loviisan linnut"},"content":{"rendered":"<div class=\"wp-block-image\">\n<figure class=\"aligncenter size-large is-resized\"><img data-dominant-color=\"d2c8b8\" data-has-transparency=\"false\" loading=\"lazy\" decoding=\"async\" width=\"731\" height=\"1024\" src=\"https:\/\/www.loviisaminkkinen.com\/wp-content\/uploads\/2025\/04\/loviisa-1-731x1024.webp\" alt=\"Savilintuja n\u00e4yttelyss\u00e4\" class=\"wp-image-2498 not-transparent\" style=\"--dominant-color: #d2c8b8; width:593px;height:auto\" srcset=\"https:\/\/www.loviisaminkkinen.com\/wp-content\/uploads\/2025\/04\/loviisa-1-731x1024.webp 731w, https:\/\/www.loviisaminkkinen.com\/wp-content\/uploads\/2025\/04\/loviisa-1-214x300.webp 214w, https:\/\/www.loviisaminkkinen.com\/wp-content\/uploads\/2025\/04\/loviisa-1-768x1075.webp 768w, https:\/\/www.loviisaminkkinen.com\/wp-content\/uploads\/2025\/04\/loviisa-1-1097x1536.webp 1097w, https:\/\/www.loviisaminkkinen.com\/wp-content\/uploads\/2025\/04\/loviisa-1-1463x2048.webp 1463w, https:\/\/www.loviisaminkkinen.com\/wp-content\/uploads\/2025\/04\/loviisa-1-416x582.webp 416w, https:\/\/www.loviisaminkkinen.com\/wp-content\/uploads\/2025\/04\/loviisa-1-scaled.webp 1828w\" sizes=\"auto, (max-width: 731px) 100vw, 731px\" \/><\/figure>\n<\/div>\n\n\n<p class=\"has-text-align-center\">Yll\u00e4 n\u00e4et Loviisan savilinnut maaliskuisessa n\u00e4yttelyasetelmassaan La Fiaba-galleriassa Jyv\u00e4skyl\u00e4ss\u00e4. Hurahdin lintuihin ja sin\u00e4kin voit tilata oman lintusi alla olevan yhteydenottolomakkeen kautta. Linnun voi toteuttaa sein\u00e4lle kuten kuvassa, kattoon roikkumaan (kuten joutsenet  yl\u00e4kulmassa) tai p\u00f6yd\u00e4lle. <\/p>\n\n\n\n<p class=\"has-text-align-center\">Valkoiset ja mustat pikkulinnut 50\u20ac\/kpl, monimutkaisemmat pikkulinnut alkaen 80\u20ac ja isommat linnut alkaen 160\u20ac.<\/p>\n\n\n\n<p class=\"has-text-align-center\">Esittele lajitoive  ja budjettisi, niin palaan aikataulun, luonnoksen ja tarjouksen kanssa asiaan.<\/p>\n\n\n\n<div class=\"wp-block-contact-form-7-contact-form-selector\">\n<div class=\"wpcf7 no-js\" id=\"wpcf7-f1182-o1\" lang=\"fi\" dir=\"ltr\" data-wpcf7-id=\"1182\">\n<div class=\"screen-reader-response\"><p role=\"status\" aria-live=\"polite\" aria-atomic=\"true\"><\/p> <ul><\/ul><\/div>\n<form action=\"\/index.php\/wp-json\/wp\/v2\/pages\/2846#wpcf7-f1182-o1\" method=\"post\" class=\"wpcf7-form init\" aria-label=\"Yhteydenottolomake\" novalidate=\"novalidate\" data-status=\"init\">\n<fieldset class=\"hidden-fields-container\"><input type=\"hidden\" name=\"_wpcf7\" value=\"1182\" \/><input type=\"hidden\" name=\"_wpcf7_version\" value=\"6.1.5\" \/><input type=\"hidden\" name=\"_wpcf7_locale\" value=\"fi\" \/><input type=\"hidden\" name=\"_wpcf7_unit_tag\" value=\"wpcf7-f1182-o1\" \/><input type=\"hidden\" name=\"_wpcf7_container_post\" value=\"0\" \/><input type=\"hidden\" name=\"_wpcf7_posted_data_hash\" value=\"\" \/>\n<\/fieldset>\n<p><label> Nimesi<br \/>\n<span class=\"wpcf7-form-control-wrap\" data-name=\"your-name\"><input size=\"40\" maxlength=\"400\" class=\"wpcf7-form-control wpcf7-text wpcf7-validates-as-required\" autocomplete=\"name\" aria-required=\"true\" aria-invalid=\"false\" value=\"\" type=\"text\" name=\"your-name\" \/><\/span> <\/label>\n<\/p>\n<p><label> S\u00e4hk\u00f6postiosoitteesi<br \/>\n<span class=\"wpcf7-form-control-wrap\" data-name=\"your-email\"><input size=\"40\" maxlength=\"400\" class=\"wpcf7-form-control wpcf7-email wpcf7-validates-as-required wpcf7-text wpcf7-validates-as-email\" autocomplete=\"email\" aria-required=\"true\" aria-invalid=\"false\" value=\"\" type=\"email\" name=\"your-email\" \/><\/span> <\/label>\n<\/p>\n<p><label> Viestisi (valinnainen)<br \/>\n<span class=\"wpcf7-form-control-wrap\" data-name=\"your-message\"><textarea cols=\"40\" rows=\"10\" maxlength=\"2000\" class=\"wpcf7-form-control wpcf7-textarea\" aria-invalid=\"false\" name=\"your-message\"><\/textarea><\/span> <\/label>\n<\/p>\n<p><input class=\"wpcf7-form-control wpcf7-submit has-spinner\" type=\"submit\" value=\"L\u00e4het\u00e4\" \/>\n<\/p><div class=\"wpcf7-response-output\" aria-hidden=\"true\"><\/div>\n<\/form>\n<\/div>\n<\/div>\n\n\n\n<p><\/p>\n","protected":false},"excerpt":{"rendered":"<p>Yll\u00e4 n\u00e4et Loviisan savilinnut maaliskuisessa n\u00e4yttelyasetelmassaan La Fiaba-galleriassa Jyv\u00e4skyl\u00e4ss\u00e4. Hurahdin lintuihin ja sin\u00e4kin voit tilata oman lintusi alla olevan yhteydenottolomakkeen kautta. Linnun voi toteuttaa sein\u00e4lle kuten kuvassa, kattoon roikkumaan (kuten joutsenet yl\u00e4kulmassa) tai p\u00f6yd\u00e4lle. Valkoiset ja mustat pikkulinnut 50\u20ac\/kpl, monimutkaisemmat pikkulinnut alkaen 80\u20ac ja isommat linnut alkaen 160\u20ac. Esittele lajitoive ja budjettisi, niin palaan aikataulun, [&hellip;]<\/p>\n","protected":false},"author":1,"featured_media":0,"parent":0,"menu_order":0,"comment_status":"closed","ping_status":"closed","template":"","meta":{"footnotes":""},"class_list":["post-2846","page","type-page","status-publish","hentry"],"yoast_head":"<!-- This site is optimized with the Yoast SEO plugin v27.4 - https:\/\/yoast.com\/product\/yoast-seo-wordpress\/ -->\n<title>Loviisan linnut - Loviisan luova tila<\/title>\n<meta name=\"description\" content=\"Matalan kynnyksen keramiikkakurssit, avoimet pajat, keramiikkamateriaalit, taidekurssit sek\u00e4 k\u00e4sintehty keramiikkataide Jyv\u00e4skyl\u00e4n seudulla\" \/>\n<meta name=\"robots\" content=\"index, follow, max-snippet:-1, max-image-preview:large, max-video-preview:-1\" \/>\n<link rel=\"canonical\" href=\"https:\/\/www.loviisaminkkinen.com\/index.php\/loviisan-linnut\/\" \/>\n<meta property=\"og:locale\" content=\"fi_FI\" \/>\n<meta property=\"og:type\" content=\"article\" \/>\n<meta property=\"og:title\" content=\"Loviisan linnut - Loviisan luova tila\" \/>\n<meta property=\"og:description\" content=\"Matalan kynnyksen keramiikkakurssit, avoimet pajat, keramiikkamateriaalit, taidekurssit sek\u00e4 k\u00e4sintehty keramiikkataide Jyv\u00e4skyl\u00e4n seudulla\" \/>\n<meta property=\"og:url\" content=\"https:\/\/www.loviisaminkkinen.com\/index.php\/loviisan-linnut\/\" \/>\n<meta property=\"og:site_name\" content=\"Loviisan luova tila\" \/>\n<meta property=\"article:publisher\" content=\"https:\/\/www.facebook.com\/Loviisan-luova-tila-61564677072092\/?hr=1\" \/>\n<meta property=\"article:modified_time\" content=\"2025-06-09T12:23:40+00:00\" \/>\n<meta property=\"og:image\" content=\"https:\/\/www.loviisaminkkinen.com\/wp-content\/uploads\/2025\/04\/loviisa-1-scaled.webp\" \/>\n\t<meta property=\"og:image:width\" content=\"1828\" \/>\n\t<meta property=\"og:image:height\" content=\"2560\" \/>\n\t<meta property=\"og:image:type\" content=\"image\/jpeg\" \/>\n<meta name=\"twitter:card\" content=\"summary_large_image\" \/>\n<meta name=\"twitter:label1\" content=\"Arvioitu lukuaika\" \/>\n\t<meta name=\"twitter:data1\" content=\"1 minuutti\" \/>\n<script type=\"application\/ld+json\" class=\"yoast-schema-graph\">{\"@context\":\"https:\\\/\\\/schema.org\",\"@graph\":[{\"@type\":\"WebPage\",\"@id\":\"https:\\\/\\\/www.loviisaminkkinen.com\\\/index.php\\\/loviisan-linnut\\\/\",\"url\":\"https:\\\/\\\/www.loviisaminkkinen.com\\\/index.php\\\/loviisan-linnut\\\/\",\"name\":\"Loviisan linnut - Loviisan luova tila\",\"isPartOf\":{\"@id\":\"https:\\\/\\\/www.loviisaminkkinen.com\\\/#website\"},\"primaryImageOfPage\":{\"@id\":\"https:\\\/\\\/www.loviisaminkkinen.com\\\/index.php\\\/loviisan-linnut\\\/#primaryimage\"},\"image\":{\"@id\":\"https:\\\/\\\/www.loviisaminkkinen.com\\\/index.php\\\/loviisan-linnut\\\/#primaryimage\"},\"thumbnailUrl\":\"https:\\\/\\\/www.loviisaminkkinen.com\\\/wp-content\\\/uploads\\\/2025\\\/04\\\/loviisa-1-731x1024.webp\",\"datePublished\":\"2025-06-09T12:11:34+00:00\",\"dateModified\":\"2025-06-09T12:23:40+00:00\",\"description\":\"Matalan kynnyksen keramiikkakurssit, avoimet pajat, keramiikkamateriaalit, taidekurssit sek\u00e4 k\u00e4sintehty keramiikkataide Jyv\u00e4skyl\u00e4n seudulla\",\"breadcrumb\":{\"@id\":\"https:\\\/\\\/www.loviisaminkkinen.com\\\/index.php\\\/loviisan-linnut\\\/#breadcrumb\"},\"inLanguage\":\"fi\",\"potentialAction\":[{\"@type\":\"ReadAction\",\"target\":[\"https:\\\/\\\/www.loviisaminkkinen.com\\\/index.php\\\/loviisan-linnut\\\/\"]}]},{\"@type\":\"ImageObject\",\"inLanguage\":\"fi\",\"@id\":\"https:\\\/\\\/www.loviisaminkkinen.com\\\/index.php\\\/loviisan-linnut\\\/#primaryimage\",\"url\":\"https:\\\/\\\/www.loviisaminkkinen.com\\\/wp-content\\\/uploads\\\/2025\\\/04\\\/loviisa-1-scaled.webp\",\"contentUrl\":\"https:\\\/\\\/www.loviisaminkkinen.com\\\/wp-content\\\/uploads\\\/2025\\\/04\\\/loviisa-1-scaled.webp\",\"width\":1828,\"height\":2560,\"caption\":\"Savilinnut n\u00e4yttelyn sein\u00e4ll\u00e4\"},{\"@type\":\"BreadcrumbList\",\"@id\":\"https:\\\/\\\/www.loviisaminkkinen.com\\\/index.php\\\/loviisan-linnut\\\/#breadcrumb\",\"itemListElement\":[{\"@type\":\"ListItem\",\"position\":1,\"name\":\"Etusivu\",\"item\":\"https:\\\/\\\/www.loviisaminkkinen.com\\\/\"},{\"@type\":\"ListItem\",\"position\":2,\"name\":\"Loviisan linnut\"}]},{\"@type\":\"WebSite\",\"@id\":\"https:\\\/\\\/www.loviisaminkkinen.com\\\/#website\",\"url\":\"https:\\\/\\\/www.loviisaminkkinen.com\\\/\",\"name\":\"Loviisan luova tila\",\"description\":\"Keramiikka Jyv&auml;skyl&auml;\",\"publisher\":{\"@id\":\"https:\\\/\\\/www.loviisaminkkinen.com\\\/#organization\"},\"potentialAction\":[{\"@type\":\"SearchAction\",\"target\":{\"@type\":\"EntryPoint\",\"urlTemplate\":\"https:\\\/\\\/www.loviisaminkkinen.com\\\/?s={search_term_string}\"},\"query-input\":{\"@type\":\"PropertyValueSpecification\",\"valueRequired\":true,\"valueName\":\"search_term_string\"}}],\"inLanguage\":\"fi\"},{\"@type\":\"Organization\",\"@id\":\"https:\\\/\\\/www.loviisaminkkinen.com\\\/#organization\",\"name\":\"Loviisan luova tila\",\"url\":\"https:\\\/\\\/www.loviisaminkkinen.com\\\/\",\"logo\":{\"@type\":\"ImageObject\",\"inLanguage\":\"fi\",\"@id\":\"https:\\\/\\\/www.loviisaminkkinen.com\\\/#\\\/schema\\\/logo\\\/image\\\/\",\"url\":\"https:\\\/\\\/www.loviisaminkkinen.com\\\/wp-content\\\/uploads\\\/2025\\\/03\\\/cropped-IMG_1747.png\",\"contentUrl\":\"https:\\\/\\\/www.loviisaminkkinen.com\\\/wp-content\\\/uploads\\\/2025\\\/03\\\/cropped-IMG_1747.png\",\"width\":2999,\"height\":2765,\"caption\":\"Loviisan luova tila\"},\"image\":{\"@id\":\"https:\\\/\\\/www.loviisaminkkinen.com\\\/#\\\/schema\\\/logo\\\/image\\\/\"},\"sameAs\":[\"https:\\\/\\\/www.facebook.com\\\/Loviisan-luova-tila-61564677072092\\\/?hr=1\",\"https:\\\/\\\/www.instagram.com\\\/loviisaminkkinen\"]}]}<\/script>\n<!-- \/ Yoast SEO plugin. -->","yoast_head_json":{"title":"Loviisan linnut - Loviisan luova tila","description":"Matalan kynnyksen keramiikkakurssit, avoimet pajat, keramiikkamateriaalit, taidekurssit sek\u00e4 k\u00e4sintehty keramiikkataide Jyv\u00e4skyl\u00e4n seudulla","robots":{"index":"index","follow":"follow","max-snippet":"max-snippet:-1","max-image-preview":"max-image-preview:large","max-video-preview":"max-video-preview:-1"},"canonical":"https:\/\/www.loviisaminkkinen.com\/index.php\/loviisan-linnut\/","og_locale":"fi_FI","og_type":"article","og_title":"Loviisan linnut - Loviisan luova tila","og_description":"Matalan kynnyksen keramiikkakurssit, avoimet pajat, keramiikkamateriaalit, taidekurssit sek\u00e4 k\u00e4sintehty keramiikkataide Jyv\u00e4skyl\u00e4n seudulla","og_url":"https:\/\/www.loviisaminkkinen.com\/index.php\/loviisan-linnut\/","og_site_name":"Loviisan luova tila","article_publisher":"https:\/\/www.facebook.com\/Loviisan-luova-tila-61564677072092\/?hr=1","article_modified_time":"2025-06-09T12:23:40+00:00","og_image":[{"width":1828,"height":2560,"url":"https:\/\/www.loviisaminkkinen.com\/wp-content\/uploads\/2025\/04\/loviisa-1-scaled.webp","type":"image\/jpeg"}],"twitter_card":"summary_large_image","twitter_misc":{"Arvioitu lukuaika":"1 minuutti"},"schema":{"@context":"https:\/\/schema.org","@graph":[{"@type":"WebPage","@id":"https:\/\/www.loviisaminkkinen.com\/index.php\/loviisan-linnut\/","url":"https:\/\/www.loviisaminkkinen.com\/index.php\/loviisan-linnut\/","name":"Loviisan linnut - Loviisan luova tila","isPartOf":{"@id":"https:\/\/www.loviisaminkkinen.com\/#website"},"primaryImageOfPage":{"@id":"https:\/\/www.loviisaminkkinen.com\/index.php\/loviisan-linnut\/#primaryimage"},"image":{"@id":"https:\/\/www.loviisaminkkinen.com\/index.php\/loviisan-linnut\/#primaryimage"},"thumbnailUrl":"https:\/\/www.loviisaminkkinen.com\/wp-content\/uploads\/2025\/04\/loviisa-1-731x1024.webp","datePublished":"2025-06-09T12:11:34+00:00","dateModified":"2025-06-09T12:23:40+00:00","description":"Matalan kynnyksen keramiikkakurssit, avoimet pajat, keramiikkamateriaalit, taidekurssit sek\u00e4 k\u00e4sintehty keramiikkataide Jyv\u00e4skyl\u00e4n seudulla","breadcrumb":{"@id":"https:\/\/www.loviisaminkkinen.com\/index.php\/loviisan-linnut\/#breadcrumb"},"inLanguage":"fi","potentialAction":[{"@type":"ReadAction","target":["https:\/\/www.loviisaminkkinen.com\/index.php\/loviisan-linnut\/"]}]},{"@type":"ImageObject","inLanguage":"fi","@id":"https:\/\/www.loviisaminkkinen.com\/index.php\/loviisan-linnut\/#primaryimage","url":"https:\/\/www.loviisaminkkinen.com\/wp-content\/uploads\/2025\/04\/loviisa-1-scaled.webp","contentUrl":"https:\/\/www.loviisaminkkinen.com\/wp-content\/uploads\/2025\/04\/loviisa-1-scaled.webp","width":1828,"height":2560,"caption":"Savilinnut n\u00e4yttelyn sein\u00e4ll\u00e4"},{"@type":"BreadcrumbList","@id":"https:\/\/www.loviisaminkkinen.com\/index.php\/loviisan-linnut\/#breadcrumb","itemListElement":[{"@type":"ListItem","position":1,"name":"Etusivu","item":"https:\/\/www.loviisaminkkinen.com\/"},{"@type":"ListItem","position":2,"name":"Loviisan linnut"}]},{"@type":"WebSite","@id":"https:\/\/www.loviisaminkkinen.com\/#website","url":"https:\/\/www.loviisaminkkinen.com\/","name":"Loviisan luova tila","description":"Keramiikka Jyv&auml;skyl&auml;","publisher":{"@id":"https:\/\/www.loviisaminkkinen.com\/#organization"},"potentialAction":[{"@type":"SearchAction","target":{"@type":"EntryPoint","urlTemplate":"https:\/\/www.loviisaminkkinen.com\/?s={search_term_string}"},"query-input":{"@type":"PropertyValueSpecification","valueRequired":true,"valueName":"search_term_string"}}],"inLanguage":"fi"},{"@type":"Organization","@id":"https:\/\/www.loviisaminkkinen.com\/#organization","name":"Loviisan luova tila","url":"https:\/\/www.loviisaminkkinen.com\/","logo":{"@type":"ImageObject","inLanguage":"fi","@id":"https:\/\/www.loviisaminkkinen.com\/#\/schema\/logo\/image\/","url":"https:\/\/www.loviisaminkkinen.com\/wp-content\/uploads\/2025\/03\/cropped-IMG_1747.png","contentUrl":"https:\/\/www.loviisaminkkinen.com\/wp-content\/uploads\/2025\/03\/cropped-IMG_1747.png","width":2999,"height":2765,"caption":"Loviisan luova tila"},"image":{"@id":"https:\/\/www.loviisaminkkinen.com\/#\/schema\/logo\/image\/"},"sameAs":["https:\/\/www.facebook.com\/Loviisan-luova-tila-61564677072092\/?hr=1","https:\/\/www.instagram.com\/loviisaminkkinen"]}]}},"_links":{"self":[{"href":"https:\/\/www.loviisaminkkinen.com\/index.php\/wp-json\/wp\/v2\/pages\/2846","targetHints":{"allow":["GET"]}}],"collection":[{"href":"https:\/\/www.loviisaminkkinen.com\/index.php\/wp-json\/wp\/v2\/pages"}],"about":[{"href":"https:\/\/www.loviisaminkkinen.com\/index.php\/wp-json\/wp\/v2\/types\/page"}],"author":[{"embeddable":true,"href":"https:\/\/www.loviisaminkkinen.com\/index.php\/wp-json\/wp\/v2\/users\/1"}],"replies":[{"embeddable":true,"href":"https:\/\/www.loviisaminkkinen.com\/index.php\/wp-json\/wp\/v2\/comments?post=2846"}],"version-history":[{"count":2,"href":"https:\/\/www.loviisaminkkinen.com\/index.php\/wp-json\/wp\/v2\/pages\/2846\/revisions"}],"predecessor-version":[{"id":2851,"href":"https:\/\/www.loviisaminkkinen.com\/index.php\/wp-json\/wp\/v2\/pages\/2846\/revisions\/2851"}],"wp:attachment":[{"href":"https:\/\/www.loviisaminkkinen.com\/index.php\/wp-json\/wp\/v2\/media?parent=2846"}],"curies":[{"name":"wp","href":"https:\/\/api.w.org\/{rel}","templated":true}]}}