{"id":4187,"date":"2026-03-24T15:24:52","date_gmt":"2026-03-24T13:24:52","guid":{"rendered":"https:\/\/www.loviisaminkkinen.com\/?post_type=product&#038;p=4187"},"modified":"2026-04-14T11:08:54","modified_gmt":"2026-04-14T08:08:54","slug":"viikonloppukurssi-13-14-6","status":"publish","type":"product","link":"https:\/\/www.loviisaminkkinen.com\/index.php\/tuote\/viikonloppukurssi-13-14-6\/","title":{"rendered":"VIIKONLOPPUKURSSI 13.-14.6."},"content":{"rendered":"","protected":false},"excerpt":{"rendered":"<p data-originalfontsize=\"1rem\" data-originalcomputedfontsize=\"16\">Keramiikkaviikonloppu Loviisan luovassa tilassa tulee taas!<\/p>\n<p data-originalfontsize=\"1rem\" data-originalcomputedfontsize=\"16\">T\u00e4ll\u00e4kin kertaa keski\u00f6ss\u00e4 on aidosti keramiikka: tarjolla on monta tuntia ty\u00f6kentelyaikaa k\u00e4det savessa ja talon t\u00e4ydelt\u00e4 apuv\u00e4lineit\u00e4, materiaaleja, inspiraatiota ja apua erilaisten tekniikoiden kokeiluun. Viime vuoden palautteista oppineina tarjoamme enemm\u00e4n henkil\u00f6kohtaista ohjausta ty\u00f6skentelyn alkuun: halukkaiden kanssa k\u00e4yd\u00e4\u00e4n siis l\u00e4pi suunnitelmat ja toiveet viikonlopun ty\u00f6skentelylt\u00e4.<\/p>\n<p data-originalfontsize=\"1rem\" data-originalcomputedfontsize=\"16\">Kurssi sopii sek\u00e4 aloittelijalle, ett\u00e4 konkarille. Viikonlopun ohjelma:<\/p>\n<p data-originalfontsize=\"1rem\" data-originalcomputedfontsize=\"16\">Lauantaina 13.6.<\/p>\n<ul>\n<li data-originalfontsize=\"1rem\" data-originalcomputedfontsize=\"16\">Majoittujat saavat tulla klo 11 alkaen asettumaan taloon.<\/li>\n<li data-originalfontsize=\"1rem\" data-originalcomputedfontsize=\"16\">Klo 12:00 Aloituskahvit sek\u00e4 info viikonlopun kulusta, tiloista ja materiaaleista.<\/li>\n<li data-originalfontsize=\"1rem\" data-originalcomputedfontsize=\"16\">Klo 12-16: Ty\u00f6skentely omaan tahtiin.<\/li>\n<li data-originalfontsize=\"1rem\" data-originalcomputedfontsize=\"16\">Klo 16: Minna Bakesin P\u00e4iv\u00e4llinen.<\/li>\n<li data-originalfontsize=\"1rem\" data-originalcomputedfontsize=\"16\">Klo 17-19 Ty\u00f6skentely omaan tahtiin<\/li>\n<li data-originalfontsize=\"1rem\" data-originalcomputedfontsize=\"16\">Noin klo 19:30 Iltapala<\/li>\n<\/ul>\n<p data-originalfontsize=\"1rem\" data-originalcomputedfontsize=\"16\">Illalla sauna- sek\u00e4 paljuilumahdollisuus, vapaata oleskelua, seurustelua, illanviettoa. Talo tarjoaa iltapalan lis\u00e4ksi pient\u00e4 naposteltavaa illanviettoon.<\/p>\n<p data-originalfontsize=\"1rem\" data-originalcomputedfontsize=\"16\">Sunnuntaina 14.6.<\/p>\n<ul>\n<li data-originalfontsize=\"1rem\" data-originalcomputedfontsize=\"16\">Klo 9 alkaen tarjolla brunssi<\/li>\n<li data-originalfontsize=\"1rem\" data-originalcomputedfontsize=\"16\">Brunssin j\u00e4lkeen vapaata ty\u00f6skentely\u00e4.<\/li>\n<li data-originalfontsize=\"1rem\" data-originalcomputedfontsize=\"16\">Klo 15:00 Lopetuskahvit.<\/li>\n<\/ul>\n<p data-originalfontsize=\"1rem\" data-originalcomputedfontsize=\"16\">Kurssimaksu pit\u00e4\u00e4 siis sis\u00e4ll\u00e4\u00e4n:<\/p>\n<ul>\n<li data-originalfontsize=\"1rem\" data-originalcomputedfontsize=\"16\">Kaikki materiaalit, kuten saven (useita vaihtoehtoja, k\u00e4yt\u00f6ss\u00e4 korkeapolttoiset savet), ty\u00f6kalut, lasitteet ja savimaalit.<\/li>\n<li data-originalfontsize=\"1rem\" data-originalcomputedfontsize=\"16\">Ty\u00f6skentely\u00e4 ja ohjausta sek\u00e4 lauantaina, ett\u00e4 sunnuntaina. Voit toteuttaa t\u00e4ss\u00e4 ajassa monta ty\u00f6t\u00e4 tai keskitty\u00e4 yhteen vaativampaan\/isompaan.<\/li>\n<li data-originalfontsize=\"1rem\" data-originalcomputedfontsize=\"16\">Kahvitarjoilun ja naposteltavaa l\u00e4pi ty\u00f6skentelyn.<\/li>\n<li data-originalfontsize=\"1rem\" data-originalcomputedfontsize=\"16\">P\u00e4iv\u00e4llisen ja iltapalan lauantaina ja brunssin sunnuntaina sek\u00e4 aloitus- ja lopetuskahvit ja naposteltavaa.<\/li>\n<li data-originalfontsize=\"1rem\" data-originalcomputedfontsize=\"16\">Yhdess\u00e4oloa, rentoutumista, lep\u00e4\u00e4mist\u00e4.<\/li>\n<li data-originalfontsize=\"1rem\" data-originalcomputedfontsize=\"16\">T\u00f6iden lasitukset (kirkas\/valkoinen lasitus tai lis\u00e4maksusta toivelasitukset talon lasitevalikoiman mukaan) ja poltot.<\/li>\n<li data-originalfontsize=\"1rem\" data-originalcomputedfontsize=\"16\">Majoitus 2hl\u00f6 huoneissa, lakanat ja pyyhkeet.<\/li>\n<li data-originalfontsize=\"1rem\" data-originalcomputedfontsize=\"16\">Sauna- \u00a0ja paljumahdollisuus.<\/li>\n<\/ul>\n<p>Tule upottamaan k\u00e4det saveen ja unohtamaan kaikki muu! &lt;3<\/p>\n<p>PS. KURSSIN VOI MAKSAA MY\u00d6S EPASSILLA JA SMARTUMILLA. Sarjakorttilaisille 40\u20ac:n alennus.<\/p>\n","protected":false},"featured_media":2743,"template":"","meta":[],"product_brand":[],"product_cat":[15],"product_tag":[],"class_list":{"0":"post-4187","1":"product","2":"type-product","3":"status-publish","4":"has-post-thumbnail","6":"product_cat-keramiikkakurssit","8":"first","9":"instock","10":"taxable","11":"shipping-taxable","12":"purchasable","13":"product-type-variable"},"yoast_head":"<!-- This site is optimized with the Yoast SEO plugin v27.4 - https:\/\/yoast.com\/product\/yoast-seo-wordpress\/ -->\n<title>VIIKONLOPPUKURSSI 13.-14.6. - Loviisan luova tila<\/title>\n<meta name=\"description\" content=\"Viikonloppukurssi keramiikan parissa tulee taas! Tule y\u00f6n yli kest\u00e4v\u00e4lle keramiikkakurssille upottamaan k\u00e4det saveen ja unohtamaan hetkesi muu.\" \/>\n<meta name=\"robots\" content=\"index, follow, max-snippet:-1, max-image-preview:large, max-video-preview:-1\" \/>\n<link rel=\"canonical\" href=\"https:\/\/www.loviisaminkkinen.com\/index.php\/tuote\/viikonloppukurssi-13-14-6\/\" \/>\n<meta property=\"og:locale\" content=\"fi_FI\" \/>\n<meta property=\"og:type\" content=\"article\" \/>\n<meta property=\"og:title\" content=\"VIIKONLOPPUKURSSI 13.-14.6. - Loviisan luova tila\" \/>\n<meta property=\"og:description\" content=\"Viikonloppukurssi keramiikan parissa tulee taas! Tule y\u00f6n yli kest\u00e4v\u00e4lle keramiikkakurssille upottamaan k\u00e4det saveen ja unohtamaan hetkesi muu.\" \/>\n<meta property=\"og:url\" content=\"https:\/\/www.loviisaminkkinen.com\/index.php\/tuote\/viikonloppukurssi-13-14-6\/\" \/>\n<meta property=\"og:site_name\" content=\"Loviisan luova tila\" \/>\n<meta property=\"article:publisher\" content=\"https:\/\/www.facebook.com\/Loviisan-luova-tila-61564677072092\/?hr=1\" \/>\n<meta property=\"article:modified_time\" content=\"2026-04-14T08:08:54+00:00\" \/>\n<meta property=\"og:image\" content=\"https:\/\/www.loviisaminkkinen.com\/wp-content\/uploads\/2025\/06\/loviisanluovatila-1-6-scaled-e1749471411868.webp\" \/>\n\t<meta property=\"og:image:width\" content=\"2048\" \/>\n\t<meta property=\"og:image:height\" content=\"2078\" \/>\n\t<meta property=\"og:image:type\" content=\"image\/jpeg\" \/>\n<meta name=\"twitter:card\" content=\"summary_large_image\" \/>\n<meta name=\"twitter:label1\" content=\"Arvioitu lukuaika\" \/>\n\t<meta name=\"twitter:data1\" content=\"1 minuutti\" \/>\n<script type=\"application\/ld+json\" class=\"yoast-schema-graph\">{\"@context\":\"https:\\\/\\\/schema.org\",\"@graph\":[{\"@type\":\"WebPage\",\"@id\":\"https:\\\/\\\/www.loviisaminkkinen.com\\\/index.php\\\/tuote\\\/viikonloppukurssi-13-14-6\\\/\",\"url\":\"https:\\\/\\\/www.loviisaminkkinen.com\\\/index.php\\\/tuote\\\/viikonloppukurssi-13-14-6\\\/\",\"name\":\"VIIKONLOPPUKURSSI 13.-14.6. - Loviisan luova tila\",\"isPartOf\":{\"@id\":\"https:\\\/\\\/www.loviisaminkkinen.com\\\/#website\"},\"primaryImageOfPage\":{\"@id\":\"https:\\\/\\\/www.loviisaminkkinen.com\\\/index.php\\\/tuote\\\/viikonloppukurssi-13-14-6\\\/#primaryimage\"},\"image\":{\"@id\":\"https:\\\/\\\/www.loviisaminkkinen.com\\\/index.php\\\/tuote\\\/viikonloppukurssi-13-14-6\\\/#primaryimage\"},\"thumbnailUrl\":\"https:\\\/\\\/www.loviisaminkkinen.com\\\/wp-content\\\/uploads\\\/2025\\\/06\\\/loviisanluovatila-1-6-scaled-e1749471411868.webp\",\"datePublished\":\"2026-03-24T13:24:52+00:00\",\"dateModified\":\"2026-04-14T08:08:54+00:00\",\"description\":\"Viikonloppukurssi keramiikan parissa tulee taas! Tule y\u00f6n yli kest\u00e4v\u00e4lle keramiikkakurssille upottamaan k\u00e4det saveen ja unohtamaan hetkesi muu.\",\"breadcrumb\":{\"@id\":\"https:\\\/\\\/www.loviisaminkkinen.com\\\/index.php\\\/tuote\\\/viikonloppukurssi-13-14-6\\\/#breadcrumb\"},\"inLanguage\":\"fi\",\"potentialAction\":[{\"@type\":\"ReadAction\",\"target\":[\"https:\\\/\\\/www.loviisaminkkinen.com\\\/index.php\\\/tuote\\\/viikonloppukurssi-13-14-6\\\/\"]}]},{\"@type\":\"ImageObject\",\"inLanguage\":\"fi\",\"@id\":\"https:\\\/\\\/www.loviisaminkkinen.com\\\/index.php\\\/tuote\\\/viikonloppukurssi-13-14-6\\\/#primaryimage\",\"url\":\"https:\\\/\\\/www.loviisaminkkinen.com\\\/wp-content\\\/uploads\\\/2025\\\/06\\\/loviisanluovatila-1-6-scaled-e1749471411868.webp\",\"contentUrl\":\"https:\\\/\\\/www.loviisaminkkinen.com\\\/wp-content\\\/uploads\\\/2025\\\/06\\\/loviisanluovatila-1-6-scaled-e1749471411868.webp\",\"width\":2048,\"height\":2078,\"caption\":\"Ty\u00f6skentelyv\u00e4lineet valmiina kurssin alkuun - ovet auki n\u00e4in kes\u00e4ll\u00e4!\"},{\"@type\":\"BreadcrumbList\",\"@id\":\"https:\\\/\\\/www.loviisaminkkinen.com\\\/index.php\\\/tuote\\\/viikonloppukurssi-13-14-6\\\/#breadcrumb\",\"itemListElement\":[{\"@type\":\"ListItem\",\"position\":1,\"name\":\"Etusivu\",\"item\":\"https:\\\/\\\/www.loviisaminkkinen.com\\\/\"},{\"@type\":\"ListItem\",\"position\":2,\"name\":\"Keramiikurssit ja keramiikkataidetta Jyv\u00e4skyl\u00e4ss\u00e4\",\"item\":\"https:\\\/\\\/www.loviisaminkkinen.com\\\/\"},{\"@type\":\"ListItem\",\"position\":3,\"name\":\"VIIKONLOPPUKURSSI 13.-14.6.\"}]},{\"@type\":\"WebSite\",\"@id\":\"https:\\\/\\\/www.loviisaminkkinen.com\\\/#website\",\"url\":\"https:\\\/\\\/www.loviisaminkkinen.com\\\/\",\"name\":\"Loviisan luova tila\",\"description\":\"Keramiikka Jyv&auml;skyl&auml;\",\"publisher\":{\"@id\":\"https:\\\/\\\/www.loviisaminkkinen.com\\\/#organization\"},\"potentialAction\":[{\"@type\":\"SearchAction\",\"target\":{\"@type\":\"EntryPoint\",\"urlTemplate\":\"https:\\\/\\\/www.loviisaminkkinen.com\\\/?s={search_term_string}\"},\"query-input\":{\"@type\":\"PropertyValueSpecification\",\"valueRequired\":true,\"valueName\":\"search_term_string\"}}],\"inLanguage\":\"fi\"},{\"@type\":\"Organization\",\"@id\":\"https:\\\/\\\/www.loviisaminkkinen.com\\\/#organization\",\"name\":\"Loviisan luova tila\",\"url\":\"https:\\\/\\\/www.loviisaminkkinen.com\\\/\",\"logo\":{\"@type\":\"ImageObject\",\"inLanguage\":\"fi\",\"@id\":\"https:\\\/\\\/www.loviisaminkkinen.com\\\/#\\\/schema\\\/logo\\\/image\\\/\",\"url\":\"https:\\\/\\\/www.loviisaminkkinen.com\\\/wp-content\\\/uploads\\\/2025\\\/03\\\/cropped-IMG_1747.png\",\"contentUrl\":\"https:\\\/\\\/www.loviisaminkkinen.com\\\/wp-content\\\/uploads\\\/2025\\\/03\\\/cropped-IMG_1747.png\",\"width\":2999,\"height\":2765,\"caption\":\"Loviisan luova tila\"},\"image\":{\"@id\":\"https:\\\/\\\/www.loviisaminkkinen.com\\\/#\\\/schema\\\/logo\\\/image\\\/\"},\"sameAs\":[\"https:\\\/\\\/www.facebook.com\\\/Loviisan-luova-tila-61564677072092\\\/?hr=1\",\"https:\\\/\\\/www.instagram.com\\\/loviisaminkkinen\"]}]}<\/script>\n<!-- \/ Yoast SEO plugin. -->","yoast_head_json":{"title":"VIIKONLOPPUKURSSI 13.-14.6. - Loviisan luova tila","description":"Viikonloppukurssi keramiikan parissa tulee taas! Tule y\u00f6n yli kest\u00e4v\u00e4lle keramiikkakurssille upottamaan k\u00e4det saveen ja unohtamaan hetkesi muu.","robots":{"index":"index","follow":"follow","max-snippet":"max-snippet:-1","max-image-preview":"max-image-preview:large","max-video-preview":"max-video-preview:-1"},"canonical":"https:\/\/www.loviisaminkkinen.com\/index.php\/tuote\/viikonloppukurssi-13-14-6\/","og_locale":"fi_FI","og_type":"article","og_title":"VIIKONLOPPUKURSSI 13.-14.6. - Loviisan luova tila","og_description":"Viikonloppukurssi keramiikan parissa tulee taas! Tule y\u00f6n yli kest\u00e4v\u00e4lle keramiikkakurssille upottamaan k\u00e4det saveen ja unohtamaan hetkesi muu.","og_url":"https:\/\/www.loviisaminkkinen.com\/index.php\/tuote\/viikonloppukurssi-13-14-6\/","og_site_name":"Loviisan luova tila","article_publisher":"https:\/\/www.facebook.com\/Loviisan-luova-tila-61564677072092\/?hr=1","article_modified_time":"2026-04-14T08:08:54+00:00","og_image":[{"width":2048,"height":2078,"url":"https:\/\/www.loviisaminkkinen.com\/wp-content\/uploads\/2025\/06\/loviisanluovatila-1-6-scaled-e1749471411868.webp","type":"image\/jpeg"}],"twitter_card":"summary_large_image","twitter_misc":{"Arvioitu lukuaika":"1 minuutti"},"schema":{"@context":"https:\/\/schema.org","@graph":[{"@type":"WebPage","@id":"https:\/\/www.loviisaminkkinen.com\/index.php\/tuote\/viikonloppukurssi-13-14-6\/","url":"https:\/\/www.loviisaminkkinen.com\/index.php\/tuote\/viikonloppukurssi-13-14-6\/","name":"VIIKONLOPPUKURSSI 13.-14.6. - Loviisan luova tila","isPartOf":{"@id":"https:\/\/www.loviisaminkkinen.com\/#website"},"primaryImageOfPage":{"@id":"https:\/\/www.loviisaminkkinen.com\/index.php\/tuote\/viikonloppukurssi-13-14-6\/#primaryimage"},"image":{"@id":"https:\/\/www.loviisaminkkinen.com\/index.php\/tuote\/viikonloppukurssi-13-14-6\/#primaryimage"},"thumbnailUrl":"https:\/\/www.loviisaminkkinen.com\/wp-content\/uploads\/2025\/06\/loviisanluovatila-1-6-scaled-e1749471411868.webp","datePublished":"2026-03-24T13:24:52+00:00","dateModified":"2026-04-14T08:08:54+00:00","description":"Viikonloppukurssi keramiikan parissa tulee taas! Tule y\u00f6n yli kest\u00e4v\u00e4lle keramiikkakurssille upottamaan k\u00e4det saveen ja unohtamaan hetkesi muu.","breadcrumb":{"@id":"https:\/\/www.loviisaminkkinen.com\/index.php\/tuote\/viikonloppukurssi-13-14-6\/#breadcrumb"},"inLanguage":"fi","potentialAction":[{"@type":"ReadAction","target":["https:\/\/www.loviisaminkkinen.com\/index.php\/tuote\/viikonloppukurssi-13-14-6\/"]}]},{"@type":"ImageObject","inLanguage":"fi","@id":"https:\/\/www.loviisaminkkinen.com\/index.php\/tuote\/viikonloppukurssi-13-14-6\/#primaryimage","url":"https:\/\/www.loviisaminkkinen.com\/wp-content\/uploads\/2025\/06\/loviisanluovatila-1-6-scaled-e1749471411868.webp","contentUrl":"https:\/\/www.loviisaminkkinen.com\/wp-content\/uploads\/2025\/06\/loviisanluovatila-1-6-scaled-e1749471411868.webp","width":2048,"height":2078,"caption":"Ty\u00f6skentelyv\u00e4lineet valmiina kurssin alkuun - ovet auki n\u00e4in kes\u00e4ll\u00e4!"},{"@type":"BreadcrumbList","@id":"https:\/\/www.loviisaminkkinen.com\/index.php\/tuote\/viikonloppukurssi-13-14-6\/#breadcrumb","itemListElement":[{"@type":"ListItem","position":1,"name":"Etusivu","item":"https:\/\/www.loviisaminkkinen.com\/"},{"@type":"ListItem","position":2,"name":"Keramiikurssit ja keramiikkataidetta Jyv\u00e4skyl\u00e4ss\u00e4","item":"https:\/\/www.loviisaminkkinen.com\/"},{"@type":"ListItem","position":3,"name":"VIIKONLOPPUKURSSI 13.-14.6."}]},{"@type":"WebSite","@id":"https:\/\/www.loviisaminkkinen.com\/#website","url":"https:\/\/www.loviisaminkkinen.com\/","name":"Loviisan luova tila","description":"Keramiikka Jyv&auml;skyl&auml;","publisher":{"@id":"https:\/\/www.loviisaminkkinen.com\/#organization"},"potentialAction":[{"@type":"SearchAction","target":{"@type":"EntryPoint","urlTemplate":"https:\/\/www.loviisaminkkinen.com\/?s={search_term_string}"},"query-input":{"@type":"PropertyValueSpecification","valueRequired":true,"valueName":"search_term_string"}}],"inLanguage":"fi"},{"@type":"Organization","@id":"https:\/\/www.loviisaminkkinen.com\/#organization","name":"Loviisan luova tila","url":"https:\/\/www.loviisaminkkinen.com\/","logo":{"@type":"ImageObject","inLanguage":"fi","@id":"https:\/\/www.loviisaminkkinen.com\/#\/schema\/logo\/image\/","url":"https:\/\/www.loviisaminkkinen.com\/wp-content\/uploads\/2025\/03\/cropped-IMG_1747.png","contentUrl":"https:\/\/www.loviisaminkkinen.com\/wp-content\/uploads\/2025\/03\/cropped-IMG_1747.png","width":2999,"height":2765,"caption":"Loviisan luova tila"},"image":{"@id":"https:\/\/www.loviisaminkkinen.com\/#\/schema\/logo\/image\/"},"sameAs":["https:\/\/www.facebook.com\/Loviisan-luova-tila-61564677072092\/?hr=1","https:\/\/www.instagram.com\/loviisaminkkinen"]}]}},"_links":{"self":[{"href":"https:\/\/www.loviisaminkkinen.com\/index.php\/wp-json\/wp\/v2\/product\/4187","targetHints":{"allow":["GET"]}}],"collection":[{"href":"https:\/\/www.loviisaminkkinen.com\/index.php\/wp-json\/wp\/v2\/product"}],"about":[{"href":"https:\/\/www.loviisaminkkinen.com\/index.php\/wp-json\/wp\/v2\/types\/product"}],"wp:featuredmedia":[{"embeddable":true,"href":"https:\/\/www.loviisaminkkinen.com\/index.php\/wp-json\/wp\/v2\/media\/2743"}],"wp:attachment":[{"href":"https:\/\/www.loviisaminkkinen.com\/index.php\/wp-json\/wp\/v2\/media?parent=4187"}],"wp:term":[{"taxonomy":"product_brand","embeddable":true,"href":"https:\/\/www.loviisaminkkinen.com\/index.php\/wp-json\/wp\/v2\/product_brand?post=4187"},{"taxonomy":"product_cat","embeddable":true,"href":"https:\/\/www.loviisaminkkinen.com\/index.php\/wp-json\/wp\/v2\/product_cat?post=4187"},{"taxonomy":"product_tag","embeddable":true,"href":"https:\/\/www.loviisaminkkinen.com\/index.php\/wp-json\/wp\/v2\/product_tag?post=4187"}],"curies":[{"name":"wp","href":"https:\/\/api.w.org\/{rel}","templated":true}]}}