{"id":4198,"date":"2026-03-24T17:02:10","date_gmt":"2026-03-24T15:02:10","guid":{"rendered":"https:\/\/www.loviisaminkkinen.com\/?post_type=product&#038;p=4198"},"modified":"2026-03-26T16:30:12","modified_gmt":"2026-03-26T14:30:12","slug":"maljakko-tulppaanikimppu-la-2-5-klo-12-17","status":"publish","type":"product","link":"https:\/\/www.loviisaminkkinen.com\/index.php\/tuote\/maljakko-tulppaanikimppu-la-2-5-klo-12-17\/","title":{"rendered":"Maljakko &#038; tulppaanikimppu la 2.5. klo 12-17"},"content":{"rendered":"","protected":false},"excerpt":{"rendered":"<p>T\u00e4ll\u00e4 pitk\u00e4n kaavan kurssilla luodaan MALJAKOT tai VAASIT (yksi iso tai kaksi pienemp\u00e4\u00e4) ja my\u00f6hemmin t\u00e4ytet\u00e4\u00e4n ne Kukaties Gardenin tulppaaneilla! Kurssiin kuuluu lis\u00e4ksi my\u00f6s Minna Bakesin loihtima lounastauko, voiko kurssilta siis enemp\u00e4\u00e4 toivoa?<\/p>\n<p>Kurssi sopii sek\u00e4 aloittelijalle, ett\u00e4 konkarille. Aluksi luomme vaasit levytekniikalla. Ruokatauon j\u00e4lkeen vaaseja koristellaan erilaisin tekniikoin.<\/p>\n<p>Kurssin hintaan kuuluu lahjakortti Kukaties Gardenin tulppaanienpoimintahetkeen, eli valmiin vaasin voi k\u00e4yd\u00e4 my\u00f6hemmin t\u00e4ytt\u00e4m\u00e4ss\u00e4 kev\u00e4\u00e4n ensikukilla! \ud83d\ude0d<\/p>\n","protected":false},"featured_media":2728,"template":"","meta":[],"product_brand":[],"product_cat":[15],"product_tag":[],"class_list":{"0":"post-4198","1":"product","2":"type-product","3":"status-publish","4":"has-post-thumbnail","6":"product_cat-keramiikkakurssit","8":"first","9":"instock","10":"taxable","11":"shipping-taxable","12":"purchasable","13":"product-type-simple"},"yoast_head":"<!-- This site is optimized with the Yoast SEO plugin v27.4 - https:\/\/yoast.com\/product\/yoast-seo-wordpress\/ -->\n<title>Maljakko &amp; tulppaanikimppu la 2.5. klo 12-17 - Loviisan luova tila<\/title>\n<meta name=\"description\" content=\"Tule luomaan maljakko\/vaasi omin k\u00e4sin ja t\u00e4ytet\u00e4\u00e4n ne my\u00f6hemmin Kukaties Gardenin upeilla tulppaaneilla! Kurssi sopii aloittelijalle sek\u00e4 konkarille.\" \/>\n<meta name=\"robots\" content=\"index, follow, max-snippet:-1, max-image-preview:large, max-video-preview:-1\" \/>\n<link rel=\"canonical\" href=\"https:\/\/www.loviisaminkkinen.com\/index.php\/tuote\/maljakko-tulppaanikimppu-la-2-5-klo-12-17\/\" \/>\n<meta property=\"og:locale\" content=\"fi_FI\" \/>\n<meta property=\"og:type\" content=\"article\" \/>\n<meta property=\"og:title\" content=\"Maljakko &amp; tulppaanikimppu la 2.5. klo 12-17 - Loviisan luova tila\" \/>\n<meta property=\"og:description\" content=\"Tule luomaan maljakko\/vaasi omin k\u00e4sin ja t\u00e4ytet\u00e4\u00e4n ne my\u00f6hemmin Kukaties Gardenin upeilla tulppaaneilla! Kurssi sopii aloittelijalle sek\u00e4 konkarille.\" \/>\n<meta property=\"og:url\" content=\"https:\/\/www.loviisaminkkinen.com\/index.php\/tuote\/maljakko-tulppaanikimppu-la-2-5-klo-12-17\/\" \/>\n<meta property=\"og:site_name\" content=\"Loviisan luova tila\" \/>\n<meta property=\"article:publisher\" content=\"https:\/\/www.facebook.com\/Loviisan-luova-tila-61564677072092\/?hr=1\" \/>\n<meta property=\"article:modified_time\" content=\"2026-03-26T14:30:12+00:00\" \/>\n<meta property=\"og:image\" content=\"https:\/\/www.loviisaminkkinen.com\/wp-content\/uploads\/2025\/06\/loviisanluovatila-1-3-scaled.webp\" \/>\n\t<meta property=\"og:image:width\" content=\"2048\" \/>\n\t<meta property=\"og:image:height\" content=\"2560\" \/>\n\t<meta property=\"og:image:type\" content=\"image\/jpeg\" \/>\n<meta name=\"twitter:card\" content=\"summary_large_image\" \/>\n<meta name=\"twitter:label1\" content=\"Arvioitu lukuaika\" \/>\n\t<meta name=\"twitter:data1\" content=\"1 minuutti\" \/>\n<script type=\"application\/ld+json\" class=\"yoast-schema-graph\">{\"@context\":\"https:\\\/\\\/schema.org\",\"@graph\":[{\"@type\":\"WebPage\",\"@id\":\"https:\\\/\\\/www.loviisaminkkinen.com\\\/index.php\\\/tuote\\\/maljakko-tulppaanikimppu-la-2-5-klo-12-17\\\/\",\"url\":\"https:\\\/\\\/www.loviisaminkkinen.com\\\/index.php\\\/tuote\\\/maljakko-tulppaanikimppu-la-2-5-klo-12-17\\\/\",\"name\":\"Maljakko & tulppaanikimppu la 2.5. klo 12-17 - Loviisan luova tila\",\"isPartOf\":{\"@id\":\"https:\\\/\\\/www.loviisaminkkinen.com\\\/#website\"},\"primaryImageOfPage\":{\"@id\":\"https:\\\/\\\/www.loviisaminkkinen.com\\\/index.php\\\/tuote\\\/maljakko-tulppaanikimppu-la-2-5-klo-12-17\\\/#primaryimage\"},\"image\":{\"@id\":\"https:\\\/\\\/www.loviisaminkkinen.com\\\/index.php\\\/tuote\\\/maljakko-tulppaanikimppu-la-2-5-klo-12-17\\\/#primaryimage\"},\"thumbnailUrl\":\"https:\\\/\\\/www.loviisaminkkinen.com\\\/wp-content\\\/uploads\\\/2025\\\/06\\\/loviisanluovatila-1-3-scaled.webp\",\"datePublished\":\"2026-03-24T15:02:10+00:00\",\"dateModified\":\"2026-03-26T14:30:12+00:00\",\"description\":\"Tule luomaan maljakko\\\/vaasi omin k\u00e4sin ja t\u00e4ytet\u00e4\u00e4n ne my\u00f6hemmin Kukaties Gardenin upeilla tulppaaneilla! Kurssi sopii aloittelijalle sek\u00e4 konkarille.\",\"breadcrumb\":{\"@id\":\"https:\\\/\\\/www.loviisaminkkinen.com\\\/index.php\\\/tuote\\\/maljakko-tulppaanikimppu-la-2-5-klo-12-17\\\/#breadcrumb\"},\"inLanguage\":\"fi\",\"potentialAction\":[{\"@type\":\"ReadAction\",\"target\":[\"https:\\\/\\\/www.loviisaminkkinen.com\\\/index.php\\\/tuote\\\/maljakko-tulppaanikimppu-la-2-5-klo-12-17\\\/\"]}]},{\"@type\":\"ImageObject\",\"inLanguage\":\"fi\",\"@id\":\"https:\\\/\\\/www.loviisaminkkinen.com\\\/index.php\\\/tuote\\\/maljakko-tulppaanikimppu-la-2-5-klo-12-17\\\/#primaryimage\",\"url\":\"https:\\\/\\\/www.loviisaminkkinen.com\\\/wp-content\\\/uploads\\\/2025\\\/06\\\/loviisanluovatila-1-3-scaled.webp\",\"contentUrl\":\"https:\\\/\\\/www.loviisaminkkinen.com\\\/wp-content\\\/uploads\\\/2025\\\/06\\\/loviisanluovatila-1-3-scaled.webp\",\"width\":2048,\"height\":2560,\"caption\":\"Majoittuminen kes\u00e4viikonloppukurssilla omakotitalon vierashuoneissa.\"},{\"@type\":\"BreadcrumbList\",\"@id\":\"https:\\\/\\\/www.loviisaminkkinen.com\\\/index.php\\\/tuote\\\/maljakko-tulppaanikimppu-la-2-5-klo-12-17\\\/#breadcrumb\",\"itemListElement\":[{\"@type\":\"ListItem\",\"position\":1,\"name\":\"Etusivu\",\"item\":\"https:\\\/\\\/www.loviisaminkkinen.com\\\/\"},{\"@type\":\"ListItem\",\"position\":2,\"name\":\"Keramiikurssit ja keramiikkataidetta Jyv\u00e4skyl\u00e4ss\u00e4\",\"item\":\"https:\\\/\\\/www.loviisaminkkinen.com\\\/\"},{\"@type\":\"ListItem\",\"position\":3,\"name\":\"Maljakko &#038; tulppaanikimppu la 2.5. klo 12-17\"}]},{\"@type\":\"WebSite\",\"@id\":\"https:\\\/\\\/www.loviisaminkkinen.com\\\/#website\",\"url\":\"https:\\\/\\\/www.loviisaminkkinen.com\\\/\",\"name\":\"Loviisan luova tila\",\"description\":\"Keramiikka Jyv&auml;skyl&auml;\",\"publisher\":{\"@id\":\"https:\\\/\\\/www.loviisaminkkinen.com\\\/#organization\"},\"potentialAction\":[{\"@type\":\"SearchAction\",\"target\":{\"@type\":\"EntryPoint\",\"urlTemplate\":\"https:\\\/\\\/www.loviisaminkkinen.com\\\/?s={search_term_string}\"},\"query-input\":{\"@type\":\"PropertyValueSpecification\",\"valueRequired\":true,\"valueName\":\"search_term_string\"}}],\"inLanguage\":\"fi\"},{\"@type\":\"Organization\",\"@id\":\"https:\\\/\\\/www.loviisaminkkinen.com\\\/#organization\",\"name\":\"Loviisan luova tila\",\"url\":\"https:\\\/\\\/www.loviisaminkkinen.com\\\/\",\"logo\":{\"@type\":\"ImageObject\",\"inLanguage\":\"fi\",\"@id\":\"https:\\\/\\\/www.loviisaminkkinen.com\\\/#\\\/schema\\\/logo\\\/image\\\/\",\"url\":\"https:\\\/\\\/www.loviisaminkkinen.com\\\/wp-content\\\/uploads\\\/2025\\\/03\\\/cropped-IMG_1747.png\",\"contentUrl\":\"https:\\\/\\\/www.loviisaminkkinen.com\\\/wp-content\\\/uploads\\\/2025\\\/03\\\/cropped-IMG_1747.png\",\"width\":2999,\"height\":2765,\"caption\":\"Loviisan luova tila\"},\"image\":{\"@id\":\"https:\\\/\\\/www.loviisaminkkinen.com\\\/#\\\/schema\\\/logo\\\/image\\\/\"},\"sameAs\":[\"https:\\\/\\\/www.facebook.com\\\/Loviisan-luova-tila-61564677072092\\\/?hr=1\",\"https:\\\/\\\/www.instagram.com\\\/loviisaminkkinen\"]}]}<\/script>\n<!-- \/ Yoast SEO plugin. -->","yoast_head_json":{"title":"Maljakko & tulppaanikimppu la 2.5. klo 12-17 - Loviisan luova tila","description":"Tule luomaan maljakko\/vaasi omin k\u00e4sin ja t\u00e4ytet\u00e4\u00e4n ne my\u00f6hemmin Kukaties Gardenin upeilla tulppaaneilla! Kurssi sopii aloittelijalle sek\u00e4 konkarille.","robots":{"index":"index","follow":"follow","max-snippet":"max-snippet:-1","max-image-preview":"max-image-preview:large","max-video-preview":"max-video-preview:-1"},"canonical":"https:\/\/www.loviisaminkkinen.com\/index.php\/tuote\/maljakko-tulppaanikimppu-la-2-5-klo-12-17\/","og_locale":"fi_FI","og_type":"article","og_title":"Maljakko & tulppaanikimppu la 2.5. klo 12-17 - Loviisan luova tila","og_description":"Tule luomaan maljakko\/vaasi omin k\u00e4sin ja t\u00e4ytet\u00e4\u00e4n ne my\u00f6hemmin Kukaties Gardenin upeilla tulppaaneilla! Kurssi sopii aloittelijalle sek\u00e4 konkarille.","og_url":"https:\/\/www.loviisaminkkinen.com\/index.php\/tuote\/maljakko-tulppaanikimppu-la-2-5-klo-12-17\/","og_site_name":"Loviisan luova tila","article_publisher":"https:\/\/www.facebook.com\/Loviisan-luova-tila-61564677072092\/?hr=1","article_modified_time":"2026-03-26T14:30:12+00:00","og_image":[{"width":2048,"height":2560,"url":"https:\/\/www.loviisaminkkinen.com\/wp-content\/uploads\/2025\/06\/loviisanluovatila-1-3-scaled.webp","type":"image\/jpeg"}],"twitter_card":"summary_large_image","twitter_misc":{"Arvioitu lukuaika":"1 minuutti"},"schema":{"@context":"https:\/\/schema.org","@graph":[{"@type":"WebPage","@id":"https:\/\/www.loviisaminkkinen.com\/index.php\/tuote\/maljakko-tulppaanikimppu-la-2-5-klo-12-17\/","url":"https:\/\/www.loviisaminkkinen.com\/index.php\/tuote\/maljakko-tulppaanikimppu-la-2-5-klo-12-17\/","name":"Maljakko & tulppaanikimppu la 2.5. klo 12-17 - Loviisan luova tila","isPartOf":{"@id":"https:\/\/www.loviisaminkkinen.com\/#website"},"primaryImageOfPage":{"@id":"https:\/\/www.loviisaminkkinen.com\/index.php\/tuote\/maljakko-tulppaanikimppu-la-2-5-klo-12-17\/#primaryimage"},"image":{"@id":"https:\/\/www.loviisaminkkinen.com\/index.php\/tuote\/maljakko-tulppaanikimppu-la-2-5-klo-12-17\/#primaryimage"},"thumbnailUrl":"https:\/\/www.loviisaminkkinen.com\/wp-content\/uploads\/2025\/06\/loviisanluovatila-1-3-scaled.webp","datePublished":"2026-03-24T15:02:10+00:00","dateModified":"2026-03-26T14:30:12+00:00","description":"Tule luomaan maljakko\/vaasi omin k\u00e4sin ja t\u00e4ytet\u00e4\u00e4n ne my\u00f6hemmin Kukaties Gardenin upeilla tulppaaneilla! Kurssi sopii aloittelijalle sek\u00e4 konkarille.","breadcrumb":{"@id":"https:\/\/www.loviisaminkkinen.com\/index.php\/tuote\/maljakko-tulppaanikimppu-la-2-5-klo-12-17\/#breadcrumb"},"inLanguage":"fi","potentialAction":[{"@type":"ReadAction","target":["https:\/\/www.loviisaminkkinen.com\/index.php\/tuote\/maljakko-tulppaanikimppu-la-2-5-klo-12-17\/"]}]},{"@type":"ImageObject","inLanguage":"fi","@id":"https:\/\/www.loviisaminkkinen.com\/index.php\/tuote\/maljakko-tulppaanikimppu-la-2-5-klo-12-17\/#primaryimage","url":"https:\/\/www.loviisaminkkinen.com\/wp-content\/uploads\/2025\/06\/loviisanluovatila-1-3-scaled.webp","contentUrl":"https:\/\/www.loviisaminkkinen.com\/wp-content\/uploads\/2025\/06\/loviisanluovatila-1-3-scaled.webp","width":2048,"height":2560,"caption":"Majoittuminen kes\u00e4viikonloppukurssilla omakotitalon vierashuoneissa."},{"@type":"BreadcrumbList","@id":"https:\/\/www.loviisaminkkinen.com\/index.php\/tuote\/maljakko-tulppaanikimppu-la-2-5-klo-12-17\/#breadcrumb","itemListElement":[{"@type":"ListItem","position":1,"name":"Etusivu","item":"https:\/\/www.loviisaminkkinen.com\/"},{"@type":"ListItem","position":2,"name":"Keramiikurssit ja keramiikkataidetta Jyv\u00e4skyl\u00e4ss\u00e4","item":"https:\/\/www.loviisaminkkinen.com\/"},{"@type":"ListItem","position":3,"name":"Maljakko &#038; tulppaanikimppu la 2.5. klo 12-17"}]},{"@type":"WebSite","@id":"https:\/\/www.loviisaminkkinen.com\/#website","url":"https:\/\/www.loviisaminkkinen.com\/","name":"Loviisan luova tila","description":"Keramiikka Jyv&auml;skyl&auml;","publisher":{"@id":"https:\/\/www.loviisaminkkinen.com\/#organization"},"potentialAction":[{"@type":"SearchAction","target":{"@type":"EntryPoint","urlTemplate":"https:\/\/www.loviisaminkkinen.com\/?s={search_term_string}"},"query-input":{"@type":"PropertyValueSpecification","valueRequired":true,"valueName":"search_term_string"}}],"inLanguage":"fi"},{"@type":"Organization","@id":"https:\/\/www.loviisaminkkinen.com\/#organization","name":"Loviisan luova tila","url":"https:\/\/www.loviisaminkkinen.com\/","logo":{"@type":"ImageObject","inLanguage":"fi","@id":"https:\/\/www.loviisaminkkinen.com\/#\/schema\/logo\/image\/","url":"https:\/\/www.loviisaminkkinen.com\/wp-content\/uploads\/2025\/03\/cropped-IMG_1747.png","contentUrl":"https:\/\/www.loviisaminkkinen.com\/wp-content\/uploads\/2025\/03\/cropped-IMG_1747.png","width":2999,"height":2765,"caption":"Loviisan luova tila"},"image":{"@id":"https:\/\/www.loviisaminkkinen.com\/#\/schema\/logo\/image\/"},"sameAs":["https:\/\/www.facebook.com\/Loviisan-luova-tila-61564677072092\/?hr=1","https:\/\/www.instagram.com\/loviisaminkkinen"]}]}},"_links":{"self":[{"href":"https:\/\/www.loviisaminkkinen.com\/index.php\/wp-json\/wp\/v2\/product\/4198","targetHints":{"allow":["GET"]}}],"collection":[{"href":"https:\/\/www.loviisaminkkinen.com\/index.php\/wp-json\/wp\/v2\/product"}],"about":[{"href":"https:\/\/www.loviisaminkkinen.com\/index.php\/wp-json\/wp\/v2\/types\/product"}],"wp:featuredmedia":[{"embeddable":true,"href":"https:\/\/www.loviisaminkkinen.com\/index.php\/wp-json\/wp\/v2\/media\/2728"}],"wp:attachment":[{"href":"https:\/\/www.loviisaminkkinen.com\/index.php\/wp-json\/wp\/v2\/media?parent=4198"}],"wp:term":[{"taxonomy":"product_brand","embeddable":true,"href":"https:\/\/www.loviisaminkkinen.com\/index.php\/wp-json\/wp\/v2\/product_brand?post=4198"},{"taxonomy":"product_cat","embeddable":true,"href":"https:\/\/www.loviisaminkkinen.com\/index.php\/wp-json\/wp\/v2\/product_cat?post=4198"},{"taxonomy":"product_tag","embeddable":true,"href":"https:\/\/www.loviisaminkkinen.com\/index.php\/wp-json\/wp\/v2\/product_tag?post=4198"}],"curies":[{"name":"wp","href":"https:\/\/api.w.org\/{rel}","templated":true}]}}